is -312 + -5?
-321
In base 3, what is 122 + -22110?
-21211
In base 5, what is -2 + -204?
-211
In base 2, what is -10100000100 - 10?
-10100000110
In base 13, what is 20 - 0?
20
In base 3, what is 2020210 - -11?
2020221
In base 12, what is 8 - 6?
2
In base 8, what is -1 + -405?
-406
In base 6, what is -2 + 15225?
15223
In base 6, what is -3 - 210?
-213
In base 2, what is -100111 - 100?
-101011
In base 9, what is 0 - -217?
217
In base 10, what is 7 + 576?
583
In base 11, what is 188 - 0?
188
In base 12, what is -2 - b63?
-b65
In base 9, what is 3 + 2?
5
In base 13, what is 1079 + -7?
1072
In base 6, what is -2 + -133?
-135
In base 13, what is -25 - 44?
-69
In base 3, what is -10 + -11001?
-11011
In base 13, what is -24 - 8?
-2c
In base 9, what is -1 + 2488?
2487
In base 11, what is -296 + -8?
-2a3
In base 9, what is -2 + -2124?
-2126
In base 11, what is 14a3 - 1?
14a2
In base 4, what is 2 - 1231?
-1223
In base 13, what is 9 - 510?
-504
In base 13, what is c72 + -2?
c70
In base 12, what is -2 - 4b7?
-4b9
In base 4, what is 103 - 13?
30
In base 4, what is 220 - -1?
221
In base 5, what is 12410 - 10?
12400
In base 9, what is 157 - -1?
158
In base 4, what is 11 - -1212?
1223
In base 5, what is -4 + 144?
140
In base 13, what is -278 + 1?
-277
In base 11, what is -5 + -16?
-20
In base 7, what is -233 - -33?
-200
In base 15, what is -2c4 - -1a?
-2a9
In base 13, what is -a + 1?
-9
In base 13, what is aaa + -10?
a9a
In base 13, what is -11 - 12?
-23
In base 10, what is 56 - 177?
-121
In base 9, what is 2778 + -3?
2775
In base 5, what is 1240 - 13?
1222
In base 15, what is -66 - -8?
-5d
In base 16, what is -3 - -1147?
1144
In base 3, what is 102220 - -2?
102222
In base 15, what is 1b - -21?
3c
In base 9, what is 147 + 7?
155
In base 10, what is 20 - 16?
4
In base 11, what is 1 + -4a62?
-4a61
In base 9, what is 3 + 13?
16
In base 5, what is -314 + -22?
-341
In base 15, what is e - -1c6?
1d5
In base 15, what is -27 + -8d?
-b5
In base 10, what is -437 + -3?
-440
In base 16, what is 31 - 2?
2f
In base 10, what is 198 - 70?
128
In base 3, what is 2 - -12112101?
12112110
In base 15, what is 0 - -16?
16
In base 15, what is -a1 + -4?
-a5
In base 11, what is 301 + -6?
2a6
In base 3, what is 211 - -102?
1020
In base 5, what is -12 - 2?
-14
In base 12, what is -a5b1 + 0?
-a5b1
In base 3, what is 2011100 + -1?
2011022
In base 9, what is 1 + -187?
-186
In base 2, what is -11 - 1000110?
-1001001
In base 10, what is 648 - -5?
653
In base 12, what is 0 - 22?
-22
In base 12, what is -9443 - -3?
-9440
In base 5, what is 100 + -42?
3
In base 14, what is 2 - 58?
-56
In base 13, what is 3707 - -1?
3708
In base 7, what is 1 + -26213?
-26212
In base 4, what is 211 - 0?
211
In base 9, what is -10 + 12?
2
In base 2, what is 101110101 + -1011?
101101010
In base 5, what is -4 + 22?
13
In base 6, what is -225 + 1?
-224
In base 4, what is -221 - 3?
-230
In base 6, what is 44 - -214?
302
In base 15, what is 9 + -40?
-36
In base 13, what is c1 - 3?
bb
In base 6, what is 120 - 1404?
-1244
In base 9, what is 260 + -7?
252
In base 16, what is 797 - -5?
79c
In base 12, what is aa - -4?
b2
In base 3, what is -1211 - -2?
-1202
In base 15, what is -4 + -2c?
-31
In base 4, what is -123111 - -3?
-123102
In base 6, what is 35 + -1352?
-1313
In base 9, what is -36 - -6?
-30
In base 16, what is 51b0 + -5?
51ab
In base 2, what is 101 + -1010010111111?
-1010010111010
In base 8, what is -5 - -12?
5
In base 4, what is 10201 - 3?
10132
In base 5, what is 322 + -20?
302
In base 12, what is -45 - -5?
-40
In base 13, what is 202 + 3?
205
In base 3, what is 111 - 2201?
-2020
In base 14, what is 2 - -598?
59a
In base 7, what is -132531 - 4?
-132535
In base 13, what is 135 - -b3?
218
In base 5, what is -133 - -4?
-124
In base 6, what is -2105 - -3?
-2102
In base 12, what is -5 + -4ab6?
-4abb
In base 6, what is 53 + -10?
43
In base 10, what is 181 + -15?
166
In base 14, what is 1b - -89?
a6
In base 10, what is 1 + 332?
333
In base 8, what is 2642 + 3?
2645
In base 13, what is 18 + 4a?
65
In base 6, what is 2 + 35?
41
In base 3, what is 110 - -10212?
11022
In base 15, what is -20 - 9a?
-ba
In base 9, what is 4 + 115?
120
In base 12, what is -16 - -19?
3
In base 15, what is 980 + 3?
983
In base 8, what is -15 + 5?
-10
In base 7, what is 0 + 1?
1
In base 13, what is -358 - 29?
-384
In base 14, what is -16 + -1c8?
-200
In base 9, what is 61 + -142?
-71
In base 14, what is 1b + -4?
17
In base 4, what is -11 + -10113?
-10130
In base 2, what is -1 + -100001?
-100010
In base 3, what is 2 + 2222000?
2222002
In base 12, what is -3 - -170?
169
In base 9, what is 1 - 17?
-16
In base 14, what is 1 - 1a43?
-1a42
In base 16, what is -5dc + -5?
-5e1
In base 5, what is -100 - 14?
-114
In base 15, what is -4 + d4?
d0
In base 7, what is -132 - -2?
-130
In base 5, what is 2440 - -34?
3024
In base 10, what is -2 + 586?
584
In base 3, what is -210121110 + 10?
-210121100
In base 6, what is 21 + 20?
41
In base 6, what is 4 + 545?
553
In base 10, what is 41 + 4?
45
In base 6, what is -22 - 200?
-222
In base 14, what is -1 + 1ab3?
1ab2
In base 13, what is 56 - c8?
-72
In base 11, what is -5 + 421?
417
In base 9, what is -148 - -4?
-144
In base 15, what is 4 - -30?
34
In base 10, what is 4 + 665?
669
In base 10, what is -3 + 20?
17
In base 9, what is -20 + 4?
-15
In base 12, what is 4 - -b?
13
In base 3, what is 10020212 + 2?
10020221
In base 9, what is 4 + -1422?
-1417
In base 6, what is 4 + -12?
-4
In base 6, what is 4 - 54?
-50
In base 8, what is 114 - -76?
212
In base 15, what is -3 + -1a2?
-1a5
In base 11, what is -8 + -37?
-44
In base 8, what is 22 - 310?
-266
In base 5, what is -2242 + -2?
-2244
In base 14, what is -3 + -318?
-31b
In base 2, what is 100100 + -1111111?
-1011011
In base 14, what is -5 + 63c?
637
In base 14, what is 75 - -14?
89
In base 10, what is -25 + -2?
-27
In base 9, what is 540 - -2?
542
In base 14, what is 4 + -116?
-112
In base 11, what is a5 - 122?
-28
In base 5, what is 10 - -133?
143
In base 4, what is 21002232 - -2?
21002300
In base 7, what is -5 + 346?
341
In base 11, what is -45 - 4?
-49
In base 3, what is 221201 + 2?
221210
In base 10, what is 10 - -96?
106
In base 8, what is -24 - 12?
-36
In base 15, what is -c + 572?
565
In base 14, what is 78 - -2?
7a
In base 6, what is 2124 + 0?
2124
In base 7, what is -1266 - 3?
-1302
In base 10, what is -3 + 63?
60
In base 5, what is 2103043 + -1?
2103042
In base 3, what is -12 - 11221201?
-11221220
In base 10, what is 3 + -592?
-589
In base 2, what is -1001 + -10110000?
-10111001
In base 3, what is 1111121 - 10?
1111111
In base 11, what is -162 + -16?
-178
In base 2, what is 100 + 1?
101
In base 15, what is 5 - 9ad?
-9a8
In base 13, what is 44 + 8?
4c
In base 13, what is 3 - -124?
127
In base 6, what is 0 - 3413?
-3413
In base 6, what is -12 - -344?
332
In base 11, what is -7 - -11?
5
In base 6, what is 1 + 1150?
1151
In base 5, what is -32 - 20?
-102
In base 3, what is 222 + 10001?
11000
In base 15, what is 2 - 170?
-16d
In base 7, what is -1625 + 2?
-1623
In base 13, what is -8 + a?
2
In base 2, what is 0 - 101?
-101
In base 3, what is 10101 - 2?
10022
In base 8, what is -10 - -25?
15
In base 14, what is 214 - 4?
210
In base 8, what is 5 + -334?
-327
In base 4, what is -13333 + -122?
-20121
In base 15, what is 4 + 2b9?
2bd
In base 4, what is -13 + 1033100?
1033021
In base 2, what is 0 - 1001110110?
-1001110110
In base 14, what is -1b - -55?
38
In base 3, what is -11 + -2011?
-2022
In base 6, what is -2254 - 10?
-2304
In base 11, what is 610 - 2?
609
In base 5, what is 1331 - -1?
1332
In base 4, what is 311130 + 3?
311133
In base 8, what is -10 + 21?
11
In base 13, what is 0 - c8?
-c8
In base 12, what is 1 + -97?
-96
In base 13, what is -75a - 5?
-762
In base 6, what is -12 - -52?
40
In base 8, what is 30 - 34?
-4
In base 15, what is b + ed?
109
In base 13, what is 0 - 22b1?
-22b1
In base 10, what is 17 + 9?
26
In base 16, what is 97 - 2?
95
In base 7, what is 122 + 0?
122
In base 10, what is 4 - -171?
175
In base 5, what is 1441 + 40?
2031
In base 12, what is -43 - 3?
-46
In base 9, what is 1 + 43?
44
In base 10, what is -1750 - -7?
-1743
In base 7, what is 0 - 23?
-23
In base 12, what is 6 - 80?
-76
In base 12, what is 62 - -4?
66
In base 9, what is 62